nder when b is divided by 16.
15
Let p = -100 - -124. Calculate the remainder when 262 is divided by p.
22
What is the remainder when 29 is divided by ((-4)/(-1))/(6 + (-154)/28)?
5
Let v(d) = 204*d - 13. Let w be v(-1). Let y = w + 227. What is the remainder when 0 - 5/((-5)/18) is divided by y?
8
Let v(o) = 6*o - 9. Let x be v(13). Suppose x - 25 = z. What is the remainder when 128 is divided by z?
40
Suppose -2*k - 21 = -5*k. Suppose -k*z + 3 + 11 = 0. Let m(x) = -x**2 - 7*x + 4. Calculate the remainder when m(-7) is divided by z.
0
Let b(o) = -o**2 - 25*o - 133. What is the remainder when 295 is divided by b(-13)?
19
Suppose -4*p + 4*w + 1032 = -0*p, 2*p - 4*w = 522. Calculate the remainder when p is divided by 28.
3
Suppose -4*s + t + 52 = 0, -2*s - 10 = t - 36. Let p = 177 - 101. What is the remainder when p is divided by s?
11
Suppose -39 = 3*r - 99. Suppose -1 = c, 5*c - 383 = -0*m - 4*m. What is the remainder when m is divided by r?
17
Let y be 3/(((-36)/(-597))/4). Let m = y + -110. Suppose -2*r - 19 = 3*l - m, -2*r + 78 = -l. Calculate the remainder when r is divided by 10.
8
Let i = -315 - -353. Calculate the remainder when 340 is divided by i.
36
Let f(c) = -2*c - 8. Let i be f(-6). Suppose i*j = 50 + 58. Calculate the remainder when 105 is divided by j.
24
Let o(q) = -9*q - 6. Let u be o(-16). Let f = -95 + u. Let s = 20 + -11. Calculate the remainder when f is divided by s.
7
Let w(b) = 9*b**3 - b + 1. Suppose 0 = -43*f - 7*f + 1750. What is the remainder when f is divided by w(1)?
8
Calculate the remainder when 407 is divided by 18/(-24) - (-27)/4.
5
Suppose 4*b = 20, -110 = 5*c - b + 2*b. Calculate the remainder when 1/(0 - 1/c) is divided by 12.
11
Suppose -5*o - 15 = 0, t + 2*o - 3527 + 1166 = 0. Let u be t/(-81) - 2/(-9). What is the remainder when 1 - (u + (-1 - 2)) is divided by 17?
16
Suppose -3*r + 3 = -3. Suppose -15 = -a + 5*g, 2*a - 3*g - 7 = r. Suppose a = 2*d - d - 83. What is the remainder when d is divided by 28?
27
Let i = -465 + 496. Calculate the remainder when 432 is divided by i.
29
Let h = -117 + 119. Suppose 0 = 3*u - 5*d - 40, -3*u - 2*u + h*d + 73 = 0. What is the remainder when 43 is divided by u?
13
Suppose -k - 4*k + 60 = 0. Suppose -5*j = -4*t - 358, -4*j - 3*t = -369 + 95. What is the remainder when j is divided by k?
10
Let u = 11 - 8. Let y = u - -12. Calculate the remainder when -1*4 - (-9 - (66 + 3)) is divided by y.
14
Suppose -5*y + 0*y = -485. Let j(w) = w**2 - 3*w - 8. Let h be j(6). What is the remainder when y is divided by 10/h*(-1 + 26)?
22
Suppose -2*a - 14 = -6. What is the remainder when 14 is divided by (4/(-6))/(a/30)?
4
Suppose 255 = 8*a - 769. Calculate the remainder when a is divided by 13.
11
Let o(k) = 6*k - 63. What is the remainder when 104 is divided by o(15)?
23
Let n(u) = -u**3 + 24*u - 15. What is the remainder when 170 is divided by n(-6)?
56
Suppose 7149 = 20*t + 1129. What is the remainder when t is divided by 16?
13
Let z = 110 + -53. Calculate the remainder when 110 is divided by z.
53
Let x(v) be the third derivative of v**6/120 + 2*v**5/15 - 5*v**4/24 + 4*v**3/3 - 28*v**2. What is the remainder when x(-4) is divided by 47?
45
Let d be 2*(1 - (-3)/(-2)). Let l = d + 12. What is the remainder when (-129)/(-2)*10/15 is divided by l?
10
Suppose 2*j = 2*k - 3*k + 19, -k = 3*j - 22. Suppose c = -1 - 2, 5*s + 48 = 4*c. What is the remainder when k is divided by s*(24/(-9) + 2)?
5
What is the remainder when (-176)/4*11/(-4) is divided by 42?
37
Calculate the remainder when (5340/81 - (-14)/189) + -1 is divided by -1*(0 - 0) - -33.
32
Let i be ((-14)/4)/(1/2)*-1. Suppose -30 = -i*r + 5. Calculate the remainder when -1 - (-1 - 1*17) is divided by r.
2
Suppose 108 = 2*h - 14. Let o(n) = -n**3 + 6*n**2 - 3*n - 7. Let q be o(5). Suppose q*m = -0 - 3, -b = 2*m - 19. Calculate the remainder when h is divided by b.
19
Suppose 2310 = -3*b + 13*b. What is the remainder when b is divided by 26?
23
Suppose -z - 2*a + 14 = 0, -118*z + 4*a + 8 = -117*z. Suppose -4*v = -4*b - 72, -28 = -5*v + 3*v + 4*b. Calculate the remainder when v is divided by z.
10
Let r be 4/((-4)/12*-4). Suppose -3*a - a + 36 = r*p, -p + 12 = a. Calculate the remainder when 35 is divided by p.
11
Suppose -8*t + 3*t = -30. What is the remainder when 19 + (-9)/((-27)/t) is divided by 12?
9
Let r = 102 + -76. Calculate the remainder when r is divided by 9.
8
Let n = 3 + -42. What is the remainder when 2 - (-2)/((-2)/n) is divided by 21?
20
Suppose 0 = -111*u + 113*u - 374. Let j = 50 + -18. What is the remainder when u is divided by j?
27
Let x = -1526 - -1566. What is the remainder when 229 is divided by x?
29
Let r(o) be the first derivative of -o**4/4 + 8*o**3/3 - 7*o**2/2 + 6*o + 6. Let p be r(5). Suppose 4*l = p + 10. What is the remainder when 54 is divided by l?
12
Let f(c) = -2 - 5 + 5*c**2 - c**2 - 7*c - 3*c**2. What is the remainder when f(11) is divided by 8?
5
Suppose 4*h - 12 = 4*o, 3*h + o = -4*o + 25. Suppose 3*v - h*k - 33 = 0, -15 = 2*k + 3*k. Calculate the remainder when (6/(-15))/((-2)/115) is divided by v.
5
Suppose -k + 108 - 88 = 0. Calculate the remainder when 38 is divided by k.
18
Suppose 5*r - x - 1331 = 0, 3*x = 6 + 6. What is the remainder when r is divided by 16?
11
Let o be (-39)/(-26) + ((-3)/2)/(-1). Suppose 0 = -o*n + 8*n - 50. Calculate the remainder when n is divided by 7.
3
Let j = -61 - -64. Suppose j*r - 6*r + 60 = 0. Calculate the remainder when 70 is divided by r.
10
Let k(a) = a - 2. Let n be k(4). Suppose -11*w = 22*w + 2079. What is the remainder when -1 - w/2*n is divided by 22?
18
Let g be 103/3 + 12/18. Let v = g + 32. What is the remainder when v is divided by 14?
11
Let g = 388 - 391. Let k(d) = 2*d**2 - d**2 - 10 + d - 3*d. What is the remainder when k(g) is divided by 1?
0
Let n = -299 - -322. Let f = 133 + 4. Calculate the remainder when f is divided by n.
22
Suppose 4*j - 101 = 3*i + 129, 2*i - 108 = -2*j. Let s = -45 + j. What is the remainder when 75 is divided by s?
9
Let c(n) = n**2 - 17*n + 170. Calculate the remainder when c(23) is divided by 26.
22
Suppose -220 - 89 = -3*z. Let k = 214 - z. What is the remainder when k is divided by 38?
35
Suppose 64*d - 45*d = 399. Calculate the remainder when 41 is divided by d.
20
Let f = -61 + 102. What is the remainder when 71 is divided by f?
30
Suppose 2*n = -n - 2*n. Suppose x = -3*s + 1, -3*s + 5*s + 2 = n. Calculate the remainder when 4 is divided by x.
0
Let x(c) = -3*c**2 - 9*c**3 + 2*c - 2 + 2*c**2 + 1. Let r(u) = u**3 - 8*u**2 + 21*u - 22. Let v be r(4). What is the remainder when x(v) is divided by 13?
11
Calculate the remainder when 206 is divided by (-15)/((-945)/(-18))*-28.
6
Let d = 17 + -3. Let o(r) = 5*r**3 - 7*r**2 + 3*r + 14. What is the remainder when o(3) is divided by d?
11
Let k(z) = 37*z**2 + 1. Let s be k(-1). Suppose -6*n - s = -530. What is the remainder when n is divided by 17?
14
Suppose -5 = v + 2*g, -5*v - 10*g + 12*g = -35. Calculate the remainder when 10 is divided by v.
0
Suppose 4*n - 53 = -5*a, -3*n = -12*a + 11*a + 3. Calculate the remainder when 78 is divided by a.
6
Let p be (60/25)/(8/540). Suppose 5*t - 813 = -4*d, 645 + p = 5*t + d. What is the remainder when t is divided by 41?
38
What is the remainder when 411 is divided by (-23 + 0)/(3/(-18)*6)?
20
Suppose -3*w = m - 257, -228 - 33 = -3*w + 3*m. What is the remainder when w is divided by 25 - (28/4 - 4)?
20
Suppose -57 = -q - 4*n, 4*q - n + 3*n - 242 = 0. What is the remainder when 3/(-1) + q + -1 is divided by 10?
7
Suppose 18 = 4*a - 2*a. Let y(i) = i**2 - 4*i - 6. Let b be y(6). Let v(f) = f**2 - 5*f. Calculate the remainder when a is divided by v(b).
3
Let i(z) = 3*z**3 - 4*z**2 + 4*z - 3. Suppose -3*r - r - 272 = 0. Calculate the remainder when (12/(-8))/(2/r) is divided by i(2).
12
Let x(g) = -3*g + 10 - 11 - 9. Let u = 73 + -51. What is the remainder when u is divided by x(-6)?
6
Suppose 0 = 4*n + 2*j - 122, 52*j = 49*j - 9. Let h = 98 + -36. What is the remainder when h is divided by n?
30
Suppose 14*l + 1180 = 24*l. What is the remainder when l is divided by 7?
6
Let s = -124 + 145. What is the remainder when 75 is divided by s?
12
Suppose 5*b + 3*j - 390 = 8*j, 3*b = -j + 254. Let k = b - 69. What is the remainde